e 0 = -j*i - 2*l + 8, -1 = -6*i + 4*i + 3*l. Calculate p(i).
-1
Let c(m) = m**2 + 9*m + 7. Let j(s) = 2*s**3 + 2*s. Let q be j(0). Suppose q = 4*y - 55 + 87. Determine c(y).
-1
Let s(b) = b**2 + 3*b. Let q be 198/(-45) - (-4)/10. Let u be q/(-3) + 1/(-3). Let l be (u - -2) + -2 - 5. Give s(l).
4
Let a(q) = q**3 + q**2 + 1. Let j(m) = 2*m**3 + 10*m**2 + 8*m - 4. Let t(u) = 3*a(u) - j(u). Let o = 265 + -257. What is t(o)?
7
Let c(o) = o + 9*o**2 - 2*o**3 - 14 + 11*o**2 - 2*o - o**2. Let q(d) = d**3 - 10*d**2 + 7. Let h(j) = -4*c(j) - 7*q(j). What is h(5)?
2
Let a = -42 - -30. Let n = 9 + a. Let u = n + 5. Let x(q) = -5*q + 3. What is x(u)?
-7
Let y(x) = -4*x**2 - x**2 + 4 - 3*x**2 + 8*x + 4*x**2 + 3*x**2. What is y(7)?
11
Let d(m) = m**3 - 3*m**2 - 8*m**2 + 1 - 3 - 9*m + 4*m**2 + 13. Determine d(8).
3
Let y = 58 - 58. Let a(h) be the third derivative of -1/60*h**5 + 1/3*h**4 - 3/2*h**3 + 3*h**2 + y + 0*h. Give a(6).
3
Let g(k) = 17*k**3 + k**2 - k + 1. Let a(x) = 18*x**3 + x**2 - x + 1. Let y(b) = -5*a(b) + 4*g(b). Determine y(1).
-23
Let x(m) = 2*m - 8. Suppose -4*s = -8*s - 20. Let u be 168/70*s/(-2). What is x(u)?
4
Let l(o) = o - 1. Let y(g) be the first derivative of g + 16. Let m(t) = -l(t) - 2*y(t). What is m(3)?
-4
Suppose -5*q + 15 = 4*r - 22, -2*q + 26 = -4*r. Let b = -7 + q. Suppose 11 = b*y - 5*y - 4*k, -4*k = 8. Let o(f) = f**2 + f. Calculate o(y).
0
Let a = 6 - 5. Let o(b) = a - 3*b - b**2 + 2*b + 0 - 3. Suppose -20*n + 24*n + 12 = 0. Calculate o(n).
-8
Let u(f) = f**2 - 2*f - 1. Let h be u(3). Let y(z) = z**2 + z - 1. Suppose s - 3 = -6. Let g(r) = -2*r**2 - 4*r + 3. Let k(p) = s*y(p) - g(p). Determine k(h).
-2
Let g be 14/3 + (-14)/21. Suppose -g*i - 13 = t, -t + 3*i = t + 4. Let s(c) be the second derivative of -c**4/12 - 4*c**3/3 - 5*c**2/2 - 2*c. Determine s(t).
10
Suppose -12 - 8 = -2*r. Suppose -12 = -4*o + 6*o. Let g = o + r. Let w(x) = -x**2 + 5*x - 2. What is w(g)?
2
Suppose 12*s - 14*s + 206 = 0. Let q = 105 - s. Let u(f) = 0 - f + 2 - 3. Calculate u(q).
-3
Let n(m) = -27 - 192*m**2 + 165*m**2 - 2*m + 2*m + 72*m**3. Let u(f) = 5 - 11*f**3 + 3*f**3 + 0 - 5*f**3 + 5*f**2. Let c(j) = 5*n(j) + 27*u(j). What is c(-1)?
-9
Let h(o) = o - 4. Let p be h(3). Let m(l) = -l**2 + 15*l + 37. Let a be m(16). Let t(z) = 10*z - 6*z**2 - 3*z**2 + 12*z - a*z. Give t(p).
-10
Let f = 12 + -7. Let z be -9 + -7*(-6)/21. Let q(d) = d - 7. Let g(a) = a - 10. Let x(k) = f*g(k) + z*q(k). What is x(6)?
-13
Let n(z) be the first derivative of 9*z + 1/2*z**2 + 15. Give n(-7).
2
Let x be ((-11)/((-1100)/(-175)))/(1/20). Let c(q) = -q**3 - 36*q**2 - 37*q - 65. What is c(x)?
5
Let o(d) = 3*d**2 + 4*d - 3. Let k be o(-3). Let v = k + -4. Let n(u) = v - 3*u**3 + 4*u**2 + 4*u - 2 + 2*u**3. Calculate n(5).
1
Let m(d) be the first derivative of d**5/2 + d**3/6 + d**2/2 + 11*d - 9. Let l(n) be the first derivative of m(n). Determine l(-1).
-10
Let j(c) = c**3 + c**2 - 5*c - 4. Let p be (3 - (-16)/(-4))*0. Suppose -4*r = -p + 12. Give j(r).
-7
Suppose -3*c + 6 = 2*p, 0 = 4*p - p - 4*c + 8. Let f(r) = r**2 + r + 21. Determine f(p).
21
Suppose 4*b = -12 + 36. Let s(o) = 1 + 0 - 2 - o - b. Calculate s(5).
-12
Let m(j) = -j**3 + 10*j**2 + 5 + 236*j + j**2 + 11 - 226*j. Give m(12).
-8
Let g(y) = 3*y - 1. Let u(q) = 3*q - 3. Let k(x) = -2*g(x) - u(x). Determine k(2).
-13
Let b be 2*(-66)/4*2. Let g be 2/7 + b/(-14). Suppose -5*u + u = -v + 21, -g*v + 41 = -4*u. Let l(m) = 2*m. Give l(v).
10
Let w(n) = -n**3 - 11*n**2 + 5. Let m be w(-11). Let k(g) = -46*g + 131*g - 4 + 0 - 44*g - 39*g. What is k(m)?
6
Let l(g) = 11*g**3 + 11*g**2 - 5*g - 11. Let o(x) = -8*x**3 - 11*x**2 + 6*x + 11. Let d(a) = 3*l(a) + 4*o(a). Calculate d(10).
1
Let q(f) = -f**3 - 8*f**2 + 3*f. Let w be q(-7). Let t = w + 67. Let c(z) = -5*z + 2. What is c(t)?
17
Suppose 2*d = -5*y, 3*y - 5 = 8*y + d. Let k(n) = -4*n**3 - 4*n**2 - 4*n - 2. Give k(y).
22
Let h be -5*(-2 - 0)/(-2). Let s(i) be the first derivative of -i**3/6 + 5*i**2/2 + 34*i - 42. Let a(r) be the first derivative of s(r). Calculate a(h).
10
Suppose 5*t = 3*q - 14, -4*q - 5*t + 3 = -4. Let w(i) = 4*i + 7 - 11*i**q + 10*i**3 + 7*i**2 + 4*i. Give w(8).
7
Let i(s) = -s**3 + 4*s**2 + 5*s + 1. Let p be i(5). Let c(g) = -3*g**3 - 2*g**2 + g. Let b be c(p). Let j(y) = -y**3 - 5*y**2 + 4 - 4*y + 6 - 5. Calculate j(b).
5
Let y(a) = -14*a + 39. Let l(c) = 7*c - 19. Let w(z) = 9*l(z) + 4*y(z). Let x(s) = -8*s + 15. Let u(k) = 7*w(k) + 6*x(k). Determine u(0).
-15
Let x(p) be the first derivative of p**2 - 4*p - 7. Suppose 1 = -r + 6. Determine x(r).
6
Let b(h) = h**3 - 11*h**2 - 24*h - 31. Let t be b(13). Let x(k) = -2*k - 4. Calculate x(t).
6
Let c(d) = -3*d - 1. Let b(g) = -2*g + 21. Let z(t) = -2*t + 21. Let a(y) = 3*b(y) - 2*z(y). Let j be a(10). Determine c(j).
-4
Let k = 25 + -217. Let y = 197 + k. Let p(j) be the second derivative of j**5/20 - j**4/3 - j**3/3 - 7*j**2/2 + j. What is p(y)?
8
Let k(m) = m**2 - 7*m + 7. Suppose 2*r = 2 + 6, -5*w + r - 324 = 0. Let t = w - -89. Suppose 11*s - 6*s - t = 0. Give k(s).
-3
Let j(d) = -d + 7 + 2*d + 2 + 0. Give j(-4).
5
Let m(t) = -t**3 + 5*t**2 - 3*t + 3. Let b be (5/40*-30)/((-3)/4). Determine m(b).
-12
Let z(g) = 3*g**2. Let n(f) = -7*f**2 - 9*f + 5. Let b(a) = -n(a) - 2*z(a). What is b(-10)?
5
Suppose -4*x = -4*a - a + 13, 3 = -4*x + 3*a. Let y(o) = -o**3 + 2*o**2 + 2*o + 7. Calculate y(x).
4
Let v(n) be the third derivative of -n**6/8 + n**4/24 + n**3/6 + 2*n**2. Suppose -3*r = -3*u - 18, -2*u = 5*r + 368 - 349. What is v(r)?
15
Suppose -3*v + m = -39, -4*v + 3*m + 33 = 8*m. Suppose -3 = -3*l + v, -3*i = -3*l - 12. Let a(c) = c - 4. Give a(i).
5
Let c(q) = -q**3 + 10*q**2 - q + 8. Suppose -v - 5*k - 1 = -21, 0 = 5*k - 10. What is c(v)?
-2
Let x(i) = 3*i**3 + 8*i**2 - 3*i - 3. Let v be x(-2). Let o(c) be the second derivative of -c**5/20 + 5*c**4/6 + 2*c**3 - 4*c**2 + 24*c. Give o(v).
3
Let l be 4 - (-1 + (6 - 3)). Let k(i) = 0*i**l + 6 - 5 - 6 + 2*i + i**2. Determine k(-5).
10
Let l(c) = 29 - c**2 + 8*c - 25 - 9. Give l(7).
2
Suppose -36 - 8 = -4*o. Let p(k) = -k**2 + 0 - 2 + o*k - 3*k. Suppose -357 = -6*m - 45*m. Give p(m).
5
Let l(i) be the first derivative of -2*i**2 + 5*i - 13. Give l(-4).
21
Let o(f) = 2*f**3 + 2*f**2 - 1. Let z(w) = w**2 + w + 1. Let p be z(-1). Let h be o(p). Let l(j) = 1 - 6*j - h - 3*j - j**2 + 2*j. Calculate l(-5).
8
Suppose -3*n = -8*n + 20. Suppose n*z + 6 = 30. Let i(m) be the third derivative of -m**5/60 + m**4/3 + m**2. Give i(z).
12
Let s(n) = -5*n - 3. Let b(w) = 2*w + 1. Let y(t) = -11*b(t) - 4*s(t). Suppose -60 = -4*m - 68. Give y(m).
5
Let n(k) = k**3 + 2*k**2 - 4. Suppose 2*r + 4*p = 20, 4*p + 22 = -5*r + 78. Suppose 13*c = 10*c - r, 4*d - 4*c = 4. Determine n(d).
-13
Let j(d) = -42*d + 45. Let b be j(1). Let f(v) be the first derivative of 3 - v**2 - 1/4*v**4 - 5/3*v**b - v. Give f(-3).
-13
Let p(s) = 4*s + 15*s**2 - 15*s**2 + 0 - s**2 + 3. Determine p(5).
-2
Let l be (1 + (-35)/15)*-3. Suppose 3*a + 2 = 3*y - 13, -y - 5 = l*a. Let u(q) = 7*q + 1. Determine u(a).
-13
Let x(p) be the second derivative of 0 + 5*p**2 + 1/20*p**5 + 24*p + 2/3*p**4 + 1/3*p**3. Suppose -b - 4 - 4 = 0. Determine x(b).
-6
Suppose -5*d = -5*i + 5, 4*d - d + i - 13 = 0. Let y be ((-165)/22)/(d/(-4)). Let u(q) = 7*q - 7*q**2 - 21*q + y*q + 5*q. Calculate u(-1).
-8
Let n(x) be the first derivative of x**2/2 - 2*x - 4. Suppose 0 = 4*p - 2*h - 40, -p - 3*p + 28 = h. Suppose 4*k + 21 = i, -3*k = -3*i + 35 - p. What is n(i)?
3
Let s = 17 + -13. Let t be ((-1)/4)/(s/(-32)). Let h be 16/(-6) + t/(-6). Let w(u) = -u**3 - 4*u**2 + u. What is w(h)?
-12
Let x(c) = c**3 + 5*c**2 + 5. Let r(d) = -14*d**2 - 115*d - 13. Let k be r(-8). Let o be 16 - 0*1/(-2). Let b = k - o. Calculate x(b).
5
Let k(g) be the third derivative of 0*g + 1/24*g**4 - 19*g**2 + 0 - 2/3*g**3. Determine k(-3).
-7
Let c be (-16)/(-4) + -4 + 2. Suppose -3*b - c = -2*b. Let g(m) = 2*m**3 + 3*m**2 + 2*m - 1. Give g(b).
-9
Suppose -5*m + 6*m - 20 = 3*x, 2*m = 10. Let a(z) = -z - 3. Calculate a(x).
2
Suppose 10*o - 16 = 6*o. Let v(d) = 6*d + 3 - 2*d + o*d. Give v(-2).
-13
Let h(i) = -i**2 - 6*i - 2. Let k be h(-6). Let q(z) = 2*z - 4. Let u(t) = -3*t + 8. Let n(s) = -5*q(s) - 3*u(s). Give n(k).
-2
Suppose -4*q - q = 30. Let 